s the greatest common factor of 3423577 and 1868?
467
Calculate the greatest common factor of 20916 and 6804.
252
Calculate the greatest common divisor of 2028714 and 48.
6
Calculate the highest common factor of 5315711 and 449.
449
Calculate the greatest common factor of 46 and 30291.
23
What is the highest common divisor of 999 and 104562?
333
What is the highest common factor of 637 and 530866?
49
What is the highest common factor of 198 and 2931?
3
What is the greatest common factor of 4 and 3011332?
4
Calculate the greatest common factor of 84 and 312508.
28
Calculate the greatest common divisor of 481 and 7067.
37
Calculate the greatest common divisor of 14612 and 208.
52
Calculate the greatest common divisor of 540 and 18405.
45
Calculate the highest common divisor of 45786 and 587.
587
What is the highest common factor of 108 and 117054?
18
What is the highest common divisor of 491954 and 2?
2
Calculate the greatest common factor of 408 and 42648.
24
What is the highest common divisor of 803707 and 2802?
467
What is the greatest common factor of 137760 and 34020?
420
What is the highest common factor of 99 and 3998676?
33
What is the highest common factor of 50220 and 4?
4
Calculate the greatest common divisor of 1023 and 213.
3
Calculate the highest common divisor of 26095 and 340.
85
What is the highest common divisor of 88195 and 465?
155
Calculate the highest common factor of 218639 and 1441.
131
What is the highest common divisor of 16 and 48376?
8
Calculate the greatest common divisor of 7680 and 2000.
80
What is the greatest common factor of 640387 and 22?
11
What is the greatest common factor of 55742 and 846?
94
What is the highest common factor of 64 and 258208?
32
What is the greatest common divisor of 2349 and 2001?
87
What is the highest common divisor of 11628 and 187?
17
What is the greatest common divisor of 33 and 6127?
11
Calculate the highest common factor of 1282 and 28730902.
1282
What is the highest common factor of 3247082 and 4328?
1082
Calculate the highest common divisor of 153 and 69561.
9
What is the greatest common divisor of 581 and 7802?
83
Calculate the highest common divisor of 91674 and 72.
18
What is the highest common divisor of 141 and 48128?
47
What is the greatest common factor of 3627 and 993?
3
Calculate the highest common divisor of 200 and 344600.
200
What is the greatest common factor of 196 and 9?
1
What is the highest common divisor of 15793 and 68?
17
Calculate the highest common divisor of 574 and 2501.
41
What is the greatest common factor of 429 and 2046473?
143
What is the greatest common factor of 92 and 4988?
4
Calculate the greatest common divisor of 301015 and 325.
65
What is the highest common factor of 8 and 88156?
4
What is the highest common factor of 60048 and 60?
12
What is the greatest common factor of 35 and 625000?
5
What is the highest common factor of 457623 and 1241?
17
Calculate the highest common factor of 255300 and 2760.
1380
What is the highest common factor of 49 and 2484496?
49
Calculate the greatest common factor of 1112 and 283282.
278
Calculate the greatest common factor of 2598763 and 19.
19
What is the highest common factor of 323 and 277?
1
What is the greatest common factor of 1490 and 2260?
10
Calculate the highest common divisor of 22837 and 41.
41
What is the greatest common factor of 289839 and 11?
11
Calculate the greatest common factor of 1710 and 9918.
342
What is the greatest common divisor of 15040 and 2560?
320
What is the highest common divisor of 5094 and 50657?
283
Calculate the greatest common divisor of 774246 and 99.
33
Calculate the highest common factor of 658 and 173054.
658
Calculate the greatest common factor of 45 and 13545.
45
Calculate the highest common divisor of 6160 and 6560.
80
Calculate the highest common factor of 227001 and 51.
51
What is the highest common factor of 27328 and 140?
28
Calculate the highest common factor of 76 and 181982.
38
What is the highest common divisor of 12167 and 2047?
23
What is the highest common divisor of 51538 and 5840?
146
Calculate the highest common factor of 13176 and 811971.
1647
What is the greatest common factor of 14 and 149954?
14
What is the greatest common factor of 10 and 7442?
2
What is the highest common factor of 245770 and 70?
70
What is the highest common factor of 33 and 92037?
33
What is the highest common factor of 27900 and 74090?
310
What is the greatest common divisor of 534951 and 81?
27
Calculate the highest common divisor of 1956 and 120.
12
Calculate the greatest common factor of 61256 and 416.
104
Calculate the greatest common factor of 228763 and 15547.
2221
Calculate the highest common divisor of 512 and 16864.
32
Calculate the highest common divisor of 1273863 and 244.
61
Calculate the highest common divisor of 1310 and 38252.
262
What is the highest common divisor of 1812 and 1920?
12
What is the greatest common divisor of 3318 and 333696?
474
What is the highest common divisor of 1426 and 70184?
62
Calculate the highest common factor of 14 and 131782.
14
Calculate the highest common factor of 70 and 14810.
10
What is the highest common divisor of 315 and 34713?
63
What is the highest common factor of 605043 and 621?
27
Calculate the highest common divisor of 520 and 143416.
104
Calculate the greatest common factor of 10067398 and 66.
22
Calculate the greatest common factor of 50 and 223925.
25
What is the greatest common factor of 423 and 67941?
9
Calculate the highest common divisor of 173806 and 3478.
94
What is the highest common divisor of 1177 and 17334?
107
Calculate the highest common factor of 56 and 33950.
14
What is the greatest common divisor of 4657719 and 1914?
957
What is the highest common divisor of 11700 and 32409?
117
What is the highest common factor of 4576 and 2860?
572
What is the highest common divisor of 19388 and 60532?
148
What is the highest common factor of 51410 and 220?
10
What is the highest common divisor of 1590 and 1058145?
795
Calculate the greatest common factor of 164 and 1927.
41
What is the greatest common divisor of 1480 and 551485?
185
Calculate the highest common divisor of 2472 and 28.
4
What is the highest common factor of 9 and 60219?
9
Calculate the highest common divisor of 39 and 112853.
13
Calculate the greatest common divisor of 159537 and 35997.
213
Calculate the greatest common factor of 65640 and 660.
60
Calculate the greatest common divisor of 2734980 and 20.
20
What is the greatest common factor of 774 and 731?
43
Calculate the highest common divisor of 37215 and 270.
45
What is the highest common divisor of 322 and 44850?
46
What is the highest common divisor of 3614 and 617438?
278
Calculate the greatest common factor of 4240 and 1961.
53
What is the highest common factor of 10 and 224482?
2
Calculate the highest common divisor of 35739 and 175142.
209
What is the highest common factor of 50 and 394180?
10
What is the greatest common factor of 3525 and 15510?
705
Calculate the highest common factor of 14 and 442687.
7
What is the greatest common factor of 677416 and 17?
17
What is the highest common factor of 731431 and 1835?
367
What is the highest common divisor of 120528 and 6561?
243
Calculate the greatest common factor of 2549981 and 1918.
959
Calculate the greatest common factor of 431566 and 82.
82
What is the greatest common divisor of 8533 and 10759?
371
What is the highest common factor of 578 and 17170?
34
What is the greatest common factor of 658425 and 75?
75
Calculate the greatest common factor of 10374 and 79079.
91
What is the highest common factor of 516392 and 68?
68
What is the greatest common divisor of 1691 and 361?
19
Calculate the highest common divisor of 2 and 2933.
1
Calculate the highest common divisor of 279784 and 17384.
328
Calculate the greatest common factor of 150 and 29190.
30
What is the greatest common divisor of 66 and 13882?
22
What is the greatest common factor of 8234 and 2944?
46
What is the highest common factor of 440 and 42020?
220
What is the greatest common factor of 3480 and 2987232?
696
Calculate the greatest common divisor of 704 and 60864.
64
What is the highest common divisor of 70 and 304745?
35
What is the highest common factor of 70 and 34699?
7
Cal